{"id":15,"date":"2019-02-03T15:49:42","date_gmt":"2019-02-03T15:49:42","guid":{"rendered":"http:\/\/alexandra-nikolaides.de\/?page_id=15"},"modified":"2022-12-01T19:23:37","modified_gmt":"2022-12-01T19:23:37","slug":"taetigkeitsbereiche","status":"publish","type":"page","link":"https:\/\/alexandra-nikolaides.de\/?page_id=15","title":{"rendered":"T\u00e4tigkeitsbereiche"},"content":{"rendered":"\n<p class=\"has-very-dark-gray-color has-text-color\">Psychotherapie<br>Verhaltenstherapie<br>Supervision<br>Coaching<br>Lehre und Forschung<br>Beratung in schwierigen Lebenssituationen<br>HR Consulting (Unterst\u00fctzung im Bewerberprozess)<br>Betriebliche Gesundheitsf\u00f6rderung<br>Pferdegest\u00fctzte Psychotherapie<\/p>\n\n\n\n<p class=\"has-very-dark-gray-color has-text-color\"><br><br><\/p>\n","protected":false},"excerpt":{"rendered":"<p>PsychotherapieVerhaltenstherapieSupervisionCoachingLehre und ForschungBeratung in schwierigen LebenssituationenHR Consulting (Unterst\u00fctzung im Bewerberprozess)Betriebliche Gesundheitsf\u00f6rderungPferdegest\u00fctzte Psychotherapie<\/p>\n","protected":false},"author":1,"featured_media":0,"parent":0,"menu_order":0,"comment_status":"closed","ping_status":"closed","template":"","meta":{"footnotes":""},"class_list":["post-15","page","type-page","status-publish","hentry"],"jetpack_sharing_enabled":true,"_links":{"self":[{"href":"https:\/\/alexandra-nikolaides.de\/index.php?rest_route=\/wp\/v2\/pages\/15","targetHints":{"allow":["GET"]}}],"collection":[{"href":"https:\/\/alexandra-nikolaides.de\/index.php?rest_route=\/wp\/v2\/pages"}],"about":[{"href":"https:\/\/alexandra-nikolaides.de\/index.php?rest_route=\/wp\/v2\/types\/page"}],"author":[{"embeddable":true,"href":"https:\/\/alexandra-nikolaides.de\/index.php?rest_route=\/wp\/v2\/users\/1"}],"replies":[{"embeddable":true,"href":"https:\/\/alexandra-nikolaides.de\/index.php?rest_route=%2Fwp%2Fv2%2Fcomments&post=15"}],"version-history":[{"count":7,"href":"https:\/\/alexandra-nikolaides.de\/index.php?rest_route=\/wp\/v2\/pages\/15\/revisions"}],"predecessor-version":[{"id":70,"href":"https:\/\/alexandra-nikolaides.de\/index.php?rest_route=\/wp\/v2\/pages\/15\/revisions\/70"}],"wp:attachment":[{"href":"https:\/\/alexandra-nikolaides.de\/index.php?rest_route=%2Fwp%2Fv2%2Fmedia&parent=15"}],"curies":[{"name":"wp","href":"https:\/\/api.w.org\/{rel}","templated":true}]}}